lculate the greatest common factor of 5082 and 3402.
42
What is the greatest common divisor of 37345 and 5775?
385
Calculate the highest common divisor of 224009 and 697.
17
What is the highest common divisor of 43228 and 15836?
428
What is the highest common divisor of 156 and 397254?
78
Calculate the greatest common divisor of 182 and 19799.
13
Calculate the highest common factor of 81104 and 48.
16
What is the highest common divisor of 8455 and 5605?
95
What is the greatest common factor of 90688 and 4784?
208
Calculate the greatest common divisor of 64 and 19504.
16
Calculate the highest common divisor of 19698 and 10500.
42
What is the highest common factor of 5883 and 2775?
111
Calculate the highest common factor of 37 and 18167.
37
What is the greatest common factor of 15 and 1478490?
15
Calculate the highest common factor of 25623 and 14391.
351
Calculate the highest common divisor of 16991 and 26.
13
Calculate the highest common divisor of 44968 and 240240.
616
What is the greatest common factor of 455112 and 378?
378
What is the highest common factor of 32226 and 35670?
246
What is the highest common divisor of 6890 and 161330?
130
Calculate the highest common divisor of 2059 and 12702.
29
What is the greatest common divisor of 20517 and 21?
21
Calculate the greatest common factor of 1224 and 15708.
204
What is the highest common divisor of 13768936 and 652?
652
Calculate the greatest common divisor of 88 and 17675768.
88
What is the highest common factor of 26184 and 158195?
1091
What is the greatest common divisor of 11 and 430529?
11
Calculate the greatest common factor of 126 and 40734.
18
What is the highest common factor of 156 and 1774?
2
What is the highest common factor of 296 and 792?
8
What is the greatest common divisor of 885 and 12095?
295
What is the highest common factor of 432839 and 33?
11
What is the greatest common factor of 33121 and 55?
11
Calculate the highest common factor of 88785 and 30.
15
What is the greatest common factor of 1236 and 1245?
3
Calculate the greatest common factor of 225 and 48075.
75
What is the greatest common factor of 2179947 and 154?
77
Calculate the highest common factor of 1784 and 1720.
8
What is the greatest common divisor of 44850 and 15?
15
Calculate the greatest common factor of 9 and 64227.
3
Calculate the highest common divisor of 113 and 16404210.
113
Calculate the greatest common divisor of 936 and 67626.
234
Calculate the highest common divisor of 50094 and 25254.
414
What is the greatest common divisor of 33823 and 3405?
227
What is the greatest common factor of 9984 and 546?
78
What is the greatest common factor of 16259 and 142?
71
Calculate the highest common divisor of 62 and 815083.
31
What is the highest common factor of 144 and 126?
18
Calculate the highest common divisor of 1369641 and 13.
13
Calculate the highest common factor of 71724 and 139.
139
Calculate the highest common divisor of 189328 and 64.
16
What is the greatest common factor of 190 and 253010?
10
Calculate the highest common divisor of 978 and 258.
6
Calculate the greatest common divisor of 572143 and 1859.
143
Calculate the highest common factor of 923398 and 112.
14
What is the highest common factor of 13246 and 26850?
358
Calculate the greatest common divisor of 87710 and 98.
98
Calculate the greatest common divisor of 824860 and 40.
20
Calculate the highest common divisor of 1932 and 601174.
322
What is the highest common factor of 20940 and 60?
60
Calculate the greatest common divisor of 35184 and 6744.
24
Calculate the highest common divisor of 7627 and 52337.
263
Calculate the greatest common factor of 3 and 41091.
3
Calculate the highest common divisor of 18438930 and 285.
285
Calculate the greatest common factor of 108 and 18384.
12
Calculate the highest common divisor of 234 and 37026.
18
Calculate the greatest common divisor of 12 and 155.
1
What is the highest common factor of 3157 and 17831?
11
What is the greatest common divisor of 42 and 56826?
42
Calculate the greatest common factor of 990 and 7655.
5
Calculate the highest common divisor of 954 and 12240.
18
What is the highest common factor of 15314416 and 61?
61
Calculate the highest common divisor of 18333 and 21049.
679
What is the highest common factor of 1881 and 7733?
209
Calculate the highest common divisor of 2 and 9710.
2
Calculate the highest common factor of 6 and 593094.
6
Calculate the greatest common divisor of 26 and 636896.
26
Calculate the greatest common divisor of 103220 and 130.
130
Calculate the highest common factor of 148500 and 340.
20
Calculate the greatest common divisor of 306 and 60843.
51
What is the greatest common divisor of 67872 and 672?
672
What is the greatest common divisor of 437910 and 660?
330
Calculate the greatest common divisor of 2908260 and 151.
151
What is the greatest common factor of 171218 and 236?
118
What is the greatest common factor of 192 and 67296?
96
Calculate the highest common divisor of 58590 and 180.
90
Calculate the highest common divisor of 1178763 and 1479.
1479
Calculate the highest common divisor of 1443 and 76791.
39
What is the greatest common divisor of 15477 and 8085?
231
What is the highest common divisor of 11398 and 246?
82
Calculate the highest common divisor of 26 and 56121.
13
Calculate the greatest common divisor of 72206 and 158.
158
What is the greatest common divisor of 2716 and 448?
28
Calculate the greatest common factor of 39 and 2085.
3
What is the greatest common factor of 7331 and 9?
1
Calculate the greatest common divisor of 427999 and 33.
11
What is the greatest common divisor of 8160 and 22980?
60
Calculate the greatest common divisor of 70 and 14470.
10
What is the highest common divisor of 5599 and 40720?
509
Calculate the greatest common factor of 58 and 623094.
58
What is the greatest common factor of 1211129 and 331?
331
Calculate the greatest common factor of 635922 and 14.
14
Calculate the highest common factor of 25818 and 663.
39
What is the highest common divisor of 350 and 328510?
70
What is the highest common factor of 34648 and 16?
8
Calculate the greatest common divisor of 226890 and 270.
90
Calculate the highest common factor of 30 and 84670.
10
Calculate the highest common factor of 1073904 and 1404.
156
What is the highest common divisor of 400 and 134075?
25
What is the highest common factor of 8 and 16108?
4
Calculate the highest common divisor of 5380 and 6440.
20
Calculate the greatest common divisor of 108234 and 126.
126
What is the greatest common divisor of 1045 and 6080?
95
Calculate the greatest common factor of 65772 and 84.
84
What is the greatest common divisor of 72 and 4090536?
72
What is the highest common factor of 132 and 57882?
66
What is the highest common divisor of 1384 and 12975?
173
Calculate the highest common divisor of 30216 and 4.
4
What is the greatest common factor of 117 and 56407?
13
Calculate the greatest common factor of 235158 and 1386.
462
Calculate the greatest common divisor of 54454 and 342.
38
Calculate the highest common divisor of 180 and 222732.
36
Calculate the greatest common divisor of 39 and 1614353.
13
Calculate the greatest common factor of 86877 and 3087.
441
Calculate the highest common divisor of 8120 and 1155.
35
What is the greatest common divisor of 805 and 5543?
23
What is the highest common divisor of 9798 and 32982?
138
Calculate the highest common divisor of 1724276 and 340.
68
What is the greatest common divisor of 128845 and 365?
365
What is the greatest common factor of 11 and 3894253?
11
Calculate the highest common divisor of 5526864 and 1008.
1008
What is the greatest common divisor of 56900 and 80?
20
Calculate the highest common divisor of 1096 and 43018.
274
Calculate the greatest common factor of 10 and 634.
2
Calculate the highest common divisor of 601242 and 6.
6
Calculate the greatest common divisor of 776 and 430292.
388
What is the greatest common factor of 99880 and 1760?
440
Calculate the greatest common divisor of 1 and 419233.
1
What is the greatest common divisor of 1008 and 5328?
144
What is the highest common factor of 5460 and 254280?
780
Calculate the highest common factor of 45 and 34835.
5
Calculate the highest common factor of 1141 and 14996.